03.
303
Calculate the highest common factor of 339 and 60114079.
113
Calculate the greatest common divisor of 2047 and 275793.
23
What is the greatest common factor of 367386860 and 40?
20
What is the highest common divisor of 687 and 39099?
3
What is the highest common factor of 1767134208 and 144?
48
What is the greatest common divisor of 77 and 3112747?
11
What is the highest common divisor of 744 and 20030664?
24
What is the greatest common factor of 40272800 and 2000?
400
Calculate the greatest common factor of 1802 and 42380549.
53
What is the greatest common divisor of 42 and 646290519?
21
Calculate the greatest common factor of 175972 and 232.
116
Calculate the highest common divisor of 44828 and 14938.
14
Calculate the highest common divisor of 684634028 and 20696.
10348
What is the highest common factor of 777 and 122035620?
777
What is the highest common factor of 648 and 14750478?
54
What is the greatest common factor of 2850 and 975990?
30
Calculate the greatest common divisor of 1608920 and 4568892.
2204
Calculate the highest common divisor of 13472026 and 984.
82
What is the highest common divisor of 679 and 10386747?
7
What is the highest common divisor of 979 and 9999?
11
What is the greatest common factor of 3240251 and 6315449?
8687
Calculate the highest common factor of 59383428 and 52.
52
Calculate the highest common divisor of 110779200 and 70.
70
What is the greatest common divisor of 20718852 and 24684?
2244
Calculate the highest common factor of 24960 and 57135.
195
What is the greatest common factor of 557509 and 28046?
379
Calculate the highest common divisor of 1425 and 580317.
57
Calculate the highest common divisor of 53373894 and 126.
42
Calculate the greatest common divisor of 103568 and 288.
16
Calculate the highest common divisor of 10160 and 1943608.
1016
What is the greatest common divisor of 495 and 1130965?
55
Calculate the greatest common factor of 90 and 15876760.
10
Calculate the highest common factor of 60096381 and 87.
87
Calculate the greatest common factor of 17 and 23022182.
17
Calculate the highest common divisor of 464 and 6870305088.
464
Calculate the highest common factor of 1368 and 2103832.
152
What is the greatest common factor of 79756600 and 5720?
440
What is the greatest common divisor of 257610000 and 8?
8
What is the greatest common divisor of 39492 and 208044?
36
Calculate the highest common divisor of 74494 and 1759415.
119
What is the highest common divisor of 1284 and 1060005237?
321
What is the greatest common divisor of 276 and 523092?
12
What is the greatest common divisor of 36 and 10115427?
3
What is the highest common divisor of 109882776 and 38?
38
What is the greatest common divisor of 52 and 29106844?
52
What is the greatest common divisor of 14065 and 3076648425?
14065
Calculate the greatest common factor of 54589 and 1508453.
691
Calculate the highest common factor of 70 and 13574660.
10
What is the greatest common factor of 398 and 15799207?
199
Calculate the highest common divisor of 11040 and 1470252.
276
What is the highest common factor of 24 and 4065228?
12
What is the highest common divisor of 637 and 9968413?
637
What is the highest common divisor of 64255939 and 99?
11
Calculate the highest common factor of 66325 and 1436410.
1895
What is the highest common divisor of 1251468 and 6804?
36
Calculate the greatest common factor of 809276 and 105781.
1027
What is the greatest common factor of 17925871 and 1258?
629
Calculate the highest common factor of 7174 and 5886658.
34
What is the greatest common divisor of 50253904 and 272?
272
Calculate the highest common factor of 334548 and 8.
4
What is the highest common divisor of 276 and 17268998?
46
What is the highest common divisor of 844180 and 105?
5
Calculate the greatest common divisor of 23855 and 17828860.
1835
Calculate the greatest common factor of 327474780 and 17700.
3540
Calculate the highest common factor of 9120892 and 132.
44
Calculate the greatest common factor of 3044873957 and 193.
193
Calculate the highest common divisor of 108612 and 182518.
14
What is the greatest common divisor of 34602 and 80124?
6
What is the greatest common divisor of 9 and 63891351?
9
What is the highest common divisor of 3280 and 12178025?
205
Calculate the highest common factor of 475 and 377446970.
95
Calculate the highest common divisor of 4788 and 9748602.
18
Calculate the highest common divisor of 1295 and 107972179.
259
Calculate the greatest common divisor of 182249 and 94426.
31
What is the highest common factor of 1048846 and 13432?
46
Calculate the greatest common divisor of 23292 and 588.
12
What is the greatest common divisor of 208049739 and 13623?
717
What is the highest common factor of 592423 and 250068?
2977
What is the greatest common divisor of 43 and 2041898301?
43
Calculate the greatest common divisor of 4942 and 240898.
14
Calculate the greatest common divisor of 490567 and 16571247.
1771
What is the highest common factor of 2601987 and 13857?
447
Calculate the greatest common divisor of 1111250 and 9800.
350
Calculate the highest common factor of 52300 and 1675.
25
Calculate the highest common factor of 13285 and 4666.
1
Calculate the greatest common divisor of 208 and 406006.
2
What is the greatest common divisor of 525 and 133480725?
525
What is the greatest common divisor of 3969 and 53258541?
147
What is the highest common factor of 25117950 and 9240?
330
What is the highest common factor of 308 and 122526236?
28
Calculate the highest common divisor of 179410 and 567490.
770
Calculate the greatest common factor of 34595 and 2629390.
85
What is the highest common factor of 49124505 and 885?
15
What is the greatest common factor of 12936 and 975786?
294
What is the greatest common factor of 412 and 4808?
4
Calculate the highest common divisor of 1455528299 and 58.
29
What is the highest common factor of 347008 and 9388193?
2711
What is the greatest common factor of 344500412 and 4?
4
What is the greatest common factor of 204 and 341744268?
204
Calculate the highest common divisor of 1391 and 1362868.
13
What is the highest common divisor of 77 and 14943467?
77
What is the highest common factor of 851574 and 2130?
426
Calculate the highest common factor of 286340 and 1409460.
2780
Calculate the greatest common factor of 162824965 and 5662.
2831
What is the highest common divisor of 88 and 198024321?
11
What is the greatest common divisor of 11632 and 48566508?
2908
Calculate the highest common divisor of 129459879 and 511.
73
Calculate the greatest common factor of 184 and 205008844.
92
Calculate the highest common divisor of 91 and 5792689.
7
Calculate the greatest common factor of 264 and 1977064.
8
What is the greatest common factor of 978108 and 1?
1
What is the greatest common factor of 156672 and 13862208?
3264
Calculate the greatest common divisor of 33218 and 870842.
34
What is the greatest common factor of 848377 and 9393?
31
What is the greatest common factor of 246 and 139662?
6
What is the greatest common factor of 2139 and 210087?
93
Calculate the highest common factor of 122550 and 18328578.
4902
Calculate the greatest common factor of 1148703 and 193071.
1389
What is the highest common divisor of 4335298 and 77?
11
What is the highest common factor of 1083 and 544616?
19
Calculate the greatest common factor of 120 and 20888480.
40
Calculate the highest common factor of 5363 and 424049.
31
What is the highest common divisor of 2975 and 370920025?
2975
What is the highest common divisor of 13 and 3591667469?
13
What is the highest common divisor of 116 and 59804?
4
What is the highest common divisor of 16 and 728520816?
16
What is the highest common divisor of 474935 and 7285?
235
Calculate the greatest common divisor of 3830 and 337470.
10
What is the highest common factor of 92298728 and 8?
8
Calculate the greatest common divisor of 259714131 and 369.
123
What is the greatest common divisor of 10783872 and 18?
18
Calculate the highest common divisor of 66221655 and 15.
15
What is the highest common divisor of 153 and 766715589?
153
What is the greatest common divisor of 30283650 and 300?
150
What is the highest common divisor of 65423707 and 437?
437
Calculate the greatest common div